{"id":1447,"date":"2019-04-18T06:17:26","date_gmt":"2019-04-18T04:17:26","guid":{"rendered":"http:\/\/www.marjoram.photography\/wordpress\/?page_id=1447"},"modified":"2024-02-18T17:05:58","modified_gmt":"2024-02-18T16:05:58","slug":"impressum","status":"publish","type":"page","link":"https:\/\/www.marjoram.photography\/wordpress\/impressum\/","title":{"rendered":"Impressum"},"content":{"rendered":"\r\n<p>Impressum:<\/p>\r\n\r\n\r\n\r\n<p><strong>Anbieter der Website:<\/strong><\/p>\r\n\r\n\r\n\r\n<p>Andreas Marjoram<\/p>\r\n\r\n\r\n\r\n<p>P\u00fctzbusch 1a<\/p>\r\n\r\n\r\n\r\n<p>51519 Odenthal<\/p>\r\n\r\n\r\n\r\n<p><strong>Copyright Info:<\/strong><br>\r\nS\u00e4mtliche Inhalte auf dieser Webseite stehen unter den folgenden Copyright-Lizenz-Bedingungen:<br>\r\n1. Die Inhalte d\u00fcrfen kopiert, verbreitet, angezeigt und aufgef\u00fchrt werden. Der Lizenznehmer muss aber auf mich als Autor der Inhalte hinweisen.<br>\r\n2. Die Inhalte d\u00fcrfen ohne meine Zustimmung nicht f\u00fcr kommerzielle Zwecke kopiert, verbreitet, angezeigt oder aufgef\u00fchrt werden<br>\r\n3. Die Inhalte d\u00fcrfen ohne meine Zustimmung nicht ver\u00e4ndert, umgeschrieben oder als Grundlage f\u00fcr eigene Zwecke genutzt werden.<\/p>\r\n\r\n\r\n\r\n<p><strong>Rechtliche Anmerkungen:<\/strong><br>\r\nEine Haftung f\u00fcr die Richtigkeit der Ver\u00f6ffentlichungen kann trotz sorgf\u00e4ltiger Pr\u00fcfung nicht \u00fcbernommen werden. F\u00fcr Sch\u00e4den die durch die Nutzung oder Nichtnutzung der auf dieser Site abgestellten Informationen oder durch die Nutzung fehlerhafter und unvollst\u00e4ndiger Informationen unmittelbar oder mittelbar verursacht werden, hafte ich nicht, sofern mir nicht nachweislich vors\u00e4tzliches oder grob fahrl\u00e4ssiges Verschulden zur Last f\u00e4llt.<br>\r\nIch behalte mir vor, Teile des Internetangebots oder das gesamte Angebot ohne gesonderte Ank\u00fcndigung zu ver\u00e4ndern, zu erg\u00e4nzen, zu l\u00f6schen oder die Ver\u00f6ffentlichung zeitweise oder endg\u00fcltig einzustellen.<br>\r\nS\u00e4mtliche Ver\u00f6ffentlichungen auf dieser Site erfolgen ohne Ber\u00fccksichtigung eines eventuellen Patentschutzes. Warennamen werden ohne Gew\u00e4hrleistung einer freien Verwendung benutzt.<br>\r\nFremde Inhalte (externe Links) werden von mir bei Verkn\u00fcpfung daraufhin \u00fcberpr\u00fcft ob eine zivilrechtlich oder strafrechtliche Verantwortlichkeit meinerseits besteht (MDStV \u00a75, Abs. 2). Diese externen Inhalte k\u00f6nnen sich jedoch jederzeit und ohne meine Kenntnis ver\u00e4ndern. Lt. MDStV \u00a75, Abs. 3 bin ich nicht verpflichtet die externen Links auf etwaige rechtliche Konsequenzen hin zu \u00fcberpr\u00fcfen.<br><\/p>\r\n","protected":false},"excerpt":{"rendered":"<p>Impressum: Anbieter der Website: Andreas Marjoram P\u00fctzbusch 1a 51519 Odenthal Copyright Info: S\u00e4mtliche Inhalte auf dieser Webseite stehen unter den folgenden Copyright-Lizenz-Bedingungen: 1. Die Inhalte d\u00fcrfen kopiert, verbreitet, angezeigt und aufgef\u00fchrt werden. Der Lizenznehmer muss aber auf mich als Autor der Inhalte hinweisen. 2. Die Inhalte d\u00fcrfen ohne meine Zustimmung nicht f\u00fcr kommerzielle Zwecke kopiert, [&hellip;]<\/p>\n","protected":false},"author":1,"featured_media":0,"parent":0,"menu_order":0,"comment_status":"closed","ping_status":"closed","template":"","meta":{"jetpack_post_was_ever_published":false,"footnotes":""},"class_list":["post-1447","page","type-page","status-publish","hentry"],"jetpack_shortlink":"https:\/\/wp.me\/P4DYRT-nl","jetpack_sharing_enabled":true,"jetpack-related-posts":[{"id":1449,"url":"https:\/\/www.marjoram.photography\/wordpress\/datenschutzerklarung\/","url_meta":{"origin":1447,"position":0},"title":"Datenschutzerkl\u00e4rung","author":"Andreas","date":"2019-04-18","format":false,"excerpt":"Datenschutz\u00aderkl\u00e4rung 1. Datenschutz auf einen Blick Allgemeine Hinweise Die folgenden Hinweise geben einen einfachen \u00dcberblick dar\u00fcber, was mit Ihren personenbezogenen Daten passiert, wenn Sie diese Website besuchen. Personenbezogene Daten sind alle Daten, mit denen Sie pers\u00f6nlich identifiziert werden k\u00f6nnen. Ausf\u00fchrliche Informationen zum Thema Datenschutz entnehmen Sie unserer unter diesem Text\u2026","rel":"","context":"Similar post","block_context":{"text":"Similar post","link":""},"img":{"alt_text":"","src":"","width":0,"height":0},"classes":[]}],"jetpack_likes_enabled":true,"_links":{"self":[{"href":"https:\/\/www.marjoram.photography\/wordpress\/wp-json\/wp\/v2\/pages\/1447","targetHints":{"allow":["GET"]}}],"collection":[{"href":"https:\/\/www.marjoram.photography\/wordpress\/wp-json\/wp\/v2\/pages"}],"about":[{"href":"https:\/\/www.marjoram.photography\/wordpress\/wp-json\/wp\/v2\/types\/page"}],"author":[{"embeddable":true,"href":"https:\/\/www.marjoram.photography\/wordpress\/wp-json\/wp\/v2\/users\/1"}],"replies":[{"embeddable":true,"href":"https:\/\/www.marjoram.photography\/wordpress\/wp-json\/wp\/v2\/comments?post=1447"}],"version-history":[{"count":1,"href":"https:\/\/www.marjoram.photography\/wordpress\/wp-json\/wp\/v2\/pages\/1447\/revisions"}],"predecessor-version":[{"id":2111,"href":"https:\/\/www.marjoram.photography\/wordpress\/wp-json\/wp\/v2\/pages\/1447\/revisions\/2111"}],"wp:attachment":[{"href":"https:\/\/www.marjoram.photography\/wordpress\/wp-json\/wp\/v2\/media?parent=1447"}],"curies":[{"name":"wp","href":"https:\/\/api.w.org\/{rel}","templated":true}]}}